52 and 9?
9
What is the highest common factor of 24 and 252?
12
Calculate the greatest common factor of 264 and 1672.
88
Calculate the highest common factor of 80 and 25.
5
What is the highest common divisor of 660 and 540?
60
Calculate the highest common divisor of 275 and 19305.
55
What is the highest common divisor of 539 and 8?
1
Calculate the highest common divisor of 2936 and 2.
2
Calculate the greatest common factor of 306 and 34.
34
Calculate the highest common divisor of 9 and 36684.
9
Calculate the greatest common divisor of 532 and 56.
28
Calculate the greatest common factor of 13135 and 71.
71
What is the greatest common factor of 100 and 200?
100
What is the highest common factor of 30 and 19590?
30
Calculate the highest common factor of 176 and 32.
16
Calculate the highest common factor of 10005 and 5.
5
Calculate the greatest common divisor of 1439 and 1.
1
Calculate the greatest common divisor of 21 and 12516.
21
What is the highest common divisor of 438 and 5402?
146
What is the greatest common divisor of 107 and 22470?
107
Calculate the highest common factor of 116 and 12.
4
Calculate the highest common factor of 18 and 666.
18
What is the greatest common divisor of 128 and 96?
32
What is the greatest common divisor of 1595 and 55?
55
What is the greatest common divisor of 833 and 204?
17
Calculate the highest common divisor of 14459 and 19.
19
What is the greatest common divisor of 1312 and 20?
4
Calculate the highest common divisor of 781 and 33.
11
What is the greatest common factor of 22488 and 96?
24
What is the highest common factor of 23 and 69?
23
What is the highest common factor of 35 and 21?
7
Calculate the greatest common factor of 84 and 12.
12
Calculate the highest common divisor of 10476 and 36.
36
Calculate the highest common divisor of 2375 and 266.
19
What is the greatest common divisor of 36 and 117?
9
What is the highest common divisor of 104 and 3263?
13
Calculate the greatest common divisor of 2 and 16.
2
What is the highest common factor of 54 and 27?
27
What is the greatest common divisor of 1 and 168?
1
Calculate the highest common divisor of 28 and 19348.
28
What is the greatest common factor of 3012 and 372?
12
Calculate the highest common divisor of 1488 and 155.
31
Calculate the highest common factor of 49 and 7.
7
What is the highest common divisor of 55240 and 40?
40
Calculate the highest common divisor of 23226 and 21.
21
Calculate the highest common factor of 5002 and 854.
122
Calculate the highest common divisor of 2 and 4177.
1
What is the highest common factor of 4 and 46?
2
What is the highest common factor of 6 and 60?
6
Calculate the greatest common factor of 32 and 432.
16
What is the highest common factor of 629 and 17?
17
Calculate the greatest common divisor of 413 and 14.
7
Calculate the greatest common divisor of 54 and 558.
18
What is the greatest common divisor of 4 and 8716?
4
Calculate the highest common divisor of 45 and 63.
9
What is the highest common divisor of 160 and 8020?
20
What is the highest common divisor of 33033 and 182?
91
What is the highest common factor of 580 and 1334?
58
Calculate the highest common divisor of 4048 and 253.
253
Calculate the highest common divisor of 108 and 45.
9
Calculate the highest common factor of 464 and 29.
29
Calculate the highest common factor of 21 and 3297.
21
What is the greatest common factor of 7 and 553?
7
What is the highest common divisor of 105 and 28?
7
Calculate the highest common factor of 260 and 247.
13
What is the highest common factor of 902 and 4?
2
Calculate the highest common factor of 12 and 104772.
12
What is the highest common divisor of 2856 and 504?
168
Calculate the highest common divisor of 1692 and 72.
36
Calculate the greatest common factor of 42 and 231.
21
What is the highest common factor of 39 and 208?
13
Calculate the greatest common divisor of 18 and 99.
9
Calculate the greatest common factor of 70 and 686.
14
Calculate the highest common divisor of 245 and 7840.
245
What is the greatest common divisor of 58 and 2146?
58
Calculate the greatest common divisor of 164 and 287.
41
What is the greatest common divisor of 310 and 1085?
155
Calculate the greatest common factor of 60 and 285.
15
What is the greatest common factor of 45 and 5?
5
What is the greatest common factor of 12 and 1020?
12
What is the highest common divisor of 6 and 23634?
6
Calculate the highest common factor of 287 and 369.
41
Calculate the highest common divisor of 12947 and 33.
11
Calculate the highest common factor of 195 and 15.
15
What is the greatest common divisor of 792 and 648?
72
What is the highest common divisor of 90 and 117?
9
What is the greatest common factor of 16 and 2264?
8
What is the highest common factor of 546 and 84?
42
What is the highest common factor of 3122 and 28?
14
What is the greatest common factor of 2367 and 18?
9
What is the greatest common divisor of 45 and 4410?
45
What is the highest common factor of 72 and 296?
8
Calculate the highest common factor of 31 and 620.
31
What is the highest common factor of 18 and 27?
9
What is the greatest common divisor of 5106 and 888?
222
Calculate the highest common factor of 1407 and 737.
67
What is the highest common divisor of 403 and 13?
13
Calculate the greatest common divisor of 75 and 9.
3
What is the greatest common factor of 775 and 124?
31
What is the greatest common divisor of 5544 and 24?
24
What is the highest common divisor of 106 and 477?
53
Calculate the highest common factor of 425 and 68.
17
What is the highest common divisor of 33 and 117?
3
Calculate the greatest common factor of 582 and 66.
6
What is the highest common divisor of 2340 and 72?
36
What is the greatest common factor of 56 and 7?
7
What is the greatest common factor of 24 and 708?
12
What is the greatest common divisor of 5 and 305?
5
Calculate the greatest common factor of 341 and 496.
31
Calculate the highest common factor of 153 and 4012.
17
What is the greatest common divisor of 53 and 901?
53
Calculate the highest common divisor of 1428 and 7.
7
Calculate the greatest common divisor of 40 and 460.
20
Calculate the greatest common divisor of 1032 and 120.
24
Calculate the greatest common factor of 792 and 3600.
72
Calculate the greatest common factor of 84 and 210.
42
Calculate the highest common factor of 85 and 374.
17
What is the greatest common factor of 18 and 12?
6
Calculate the greatest common factor of 72 and 4008.
24
What is the greatest common factor of 2640 and 192?
48
Calculate the highest common divisor of 180 and 810.
90
What is the greatest common factor of 7 and 1603?
7
Calculate the greatest common factor of 4 and 36.
4
What is the greatest common divisor of 2736 and 1216?
304
What is the greatest common factor of 1770 and 1593?
177
Calculate the highest common divisor of 42 and 168.
42
What is the greatest common divisor of 165 and 2409?
33
What is the greatest common divisor of 1092 and 13?
13
Calculate the highest common divisor of 54 and 2538.
54
What is the greatest common divisor of 1106 and 56?
14
Calculate the greatest common factor of 21 and 13.
1
What is the highest common factor of 884 and 78?
26
Calculate the greatest common factor of 6 and 1461.
3
Calculate the highest common factor of 9 and 153.
9
What is the highest common factor of 666 and 3552?
222
What is the highest common factor of 2847 and 52?
13
What is the greatest common divisor of 544 and 34?
34
What is the highest common factor of 139 and 3?
1
What is the highest common divisor of 178 and 5963?
89
Calculate the greatest common factor of 4675 and 187.
187
What is the highest common divisor of 144 and 384?
48
What is the highest common factor of 75 and 20?
5
Calculate the greatest common divisor of 68 and 36.
4
What is the highest common factor of 341 and 451?
11
What is the highest common factor of 35 and 1660?
5
Calculate the highest common divisor of 855 and 15.
15
Calculate the highest common divisor of 234 and 5330.
26
Calculate the greatest common factor of 344 and 215.
43
Calculate the greatest common divisor of 238 and 136.
34
Calculate the greatest common divisor of 63 and 14.
7
What is the greatest common factor of 88 and 2673?
11
Calculate the highest common divisor o